e ten thousands digit of 536666712?
6
What is the ten thousands digit of 1238660613?
6
What is the ten millions digit of 579878770?
7
What is the ten millions digit of 568332538?
6
What is the units digit of 54628483?
3
What is the ten thousands digit of 740618566?
1
What is the hundred millions digit of 1416962912?
4
What is the units digit of 83005189?
9
What is the hundreds digit of 413405293?
2
What is the hundred thousands digit of 5316146882?
1
What is the billions digit of 3593880427?
3
What is the ten millions digit of 551612221?
5
What is the tens digit of 42527053?
5
What is the hundreds digit of 30120774?
7
What is the thousands digit of 1503104?
3
What is the units digit of 342058034?
4
What is the units digit of 226724607?
7
What is the tens digit of 2414819762?
6
What is the units digit of 530827010?
0
What is the units digit of 514934454?
4
What is the thousands digit of 24764751?
4
What is the units digit of 100102856?
6
What is the hundred thousands digit of 138406134?
4
What is the millions digit of 8161220663?
1
What is the hundred millions digit of 1262262627?
2
What is the thousands digit of 38438626?
8
What is the millions digit of 32524137?
2
What is the ten millions digit of 331087721?
3
What is the ten millions digit of 47316428?
4
What is the hundred millions digit of 627925397?
6
What is the millions digit of 528546383?
8
What is the ten millions digit of 49386991?
4
What is the tens digit of 438665052?
5
What is the units digit of 196055422?
2
What is the tens digit of 1953240529?
2
What is the thousands digit of 2201405532?
5
What is the units digit of 1303569598?
8
What is the hundred thousands digit of 51339009?
3
What is the tens digit of 1821562787?
8
What is the units digit of 559955807?
7
What is the hundreds digit of 38698159?
1
What is the thousands digit of 1452004238?
4
What is the millions digit of 125047308?
5
What is the tens digit of 2493910870?
7
What is the hundreds digit of 2468428504?
5
What is the hundred millions digit of 517345609?
5
What is the tens digit of 145615198?
9
What is the millions digit of 3969292128?
9
What is the hundred thousands digit of 58000979?
0
What is the millions digit of 186865180?
6
What is the hundred millions digit of 159609933?
1
What is the hundreds digit of 3021821691?
6
What is the ten millions digit of 2443125436?
4
What is the millions digit of 499592186?
9
What is the units digit of 242681860?
0
What is the tens digit of 2702051281?
8
What is the hundreds digit of 23083118?
1
What is the ten millions digit of 473086904?
7
What is the millions digit of 6809544?
6
What is the hundred millions digit of 1364846636?
3
What is the units digit of 42169709?
9
What is the millions digit of 633614526?
3
What is the millions digit of 2925197381?
5
What is the millions digit of 14484533?
4
What is the thousands digit of 91657170?
7
What is the units digit of 146162101?
1
What is the units digit of 2869001833?
3
What is the hundred thousands digit of 3734634676?
6
What is the hundreds digit of 71879639?
6
What is the units digit of 18982829?
9
What is the tens digit of 274688917?
1
What is the hundred thousands digit of 868554050?
5
What is the units digit of 9778125?
5
What is the ten millions digit of 886901469?
8
What is the hundred millions digit of 3853507444?
8
What is the ten millions digit of 1452545321?
5
What is the tens digit of 47542045?
4
What is the billions digit of 1555641029?
1
What is the ten millions digit of 260171824?
6
What is the millions digit of 108884627?
8
What is the ten thousands digit of 66136789?
3
What is the hundred thousands digit of 915655045?
6
What is the hundred thousands digit of 478672621?
6
What is the thousands digit of 2270729869?
9
What is the hundreds digit of 2370098894?
8
What is the tens digit of 750510455?
5
What is the tens digit of 149441814?
1
What is the hundred millions digit of 467023885?
4
What is the billions digit of 2854326538?
2
What is the hundred millions digit of 127527808?
1
What is the ten thousands digit of 10180560?
8
What is the tens digit of 122314644?
4
What is the thousands digit of 522493651?
3
What is the units digit of 617761731?
1
What is the ten millions digit of 166048018?
6
What is the tens digit of 619316315?
1
What is the ten thousands digit of 40918174?
1
What is the hundred thousands digit of 84275753?
2
What is the hundred millions digit of 192789451?
1
What is the tens digit of 380347660?
6
What is the hundred thousands digit of 220137614?
1
What is the tens digit of 113496864?
6
What is the tens digit of 591159762?
6
What is the units digit of 558956165?
5
What is the thousands digit of 670042292?
2
What is the thousands digit of 40124289?
4
What is the hundred thousands digit of 77032724?
0
What is the ten millions digit of 74568424?
7
What is the hundred thousands digit of 8635811?
6
What is the ten thousands digit of 614471808?
7
What is the billions digit of 4772441468?
4
What is the units digit of 99262127?
7
What is the millions digit of 67741719?
7
What is the hundred millions digit of 260174313?
2
What is the thousands digit of 52251766?
1
What is the units digit of 161949250?
0
What is the hundred millions digit of 166753130?
1
What is the millions digit of 4338887?
4
What is the hundreds digit of 379898346?
3
What is the ten millions digit of 323840562?
2
What is the ten thousands digit of 2052936?
5
What is the hundred millions digit of 624876480?
6
What is the hundred thousands digit of 53171897?
1
What is the hundred millions digit of 389464852?
3
What is the hundred thousands digit of 147400867?
4
What is the hundred thousands digit of 243753626?
7
What is the hundred millions digit of 210469636?
2
What is the tens digit of 419569643?
4
What is the ten millions digit of 1923105642?
2
What is the hundred millions digit of 4253770592?
2
What is the hundred thousands digit of 33961770?
9
What is the units digit of 117784378?
8
What is the tens digit of 580446308?
0
What is the tens digit of 2147621986?
8
What is the ten millions digit of 53328424?
5
What is the hundred thousands digit of 478697832?
6
What is the hundred thousands digit of 1254180964?
1
What is the ten thousands digit of 526468980?
6
What is the tens digit of 599799936?
3
What is the units digit of 1151792073?
3
What is the ten thousands digit of 41026766?
2
What is the ten millions digit of 40799197?
4
What is the ten thousands digit of 33664929?
6
What is the ten millions digit of 208495641?
0
What is the ten thousands digit of 20052900?
5
What is the billions digit of 3204517139?
3
What is the tens digit of 54012964?
6
What is the thousands digit of 29945842?
5
What is the hundreds digit of 40285471?
4
What is the thousands digit of 22112108?
2
What is the hundreds digit of 220102983?
9
What is the hundreds digit of 44114807?
8
What is the hundred millions digit of 181685672?
1
What is the ten millions digit of 229572493?
2
What is the ten millions digit of 64913414?
6
What is the thousands digit of 2222193444?
3
What is the thousands digit of 118728203?
8
What is the ten millions digit of 613121078?
1
What is the ten thousands digit of 417594014?
9
What is the billions digit of 2851638905?
2
What is the ten millions digit of 241230704?
4
What is the ten thousands digit of 2369515168?
1
What is the ten millions digit of 80831162?
8
What is the ten thousands digit of 74369085?
6
What is the units digit of 2964974816?
6
What is the thousands digit of 187591052?
1
What is the thousands digit of 145710037?
0
What is the ten thousands digit of 2553928971?
2
What is the hundreds digit of 136823286?
2
What is the ten thousands digit of 575637225?
3
What is the millions digit of 285573533?
5
What is the hundreds digit of 6560521412?
4
What is the units digit of 2494157499?
9
What is the units digit of 63246426?
6
What is the tens digit of 96151871?
7
What is the ten thousands digit of 6232897514?
9
What is the units digit of 1280771572?
2
What is the units digit of 62326449?
9
What is the tens digit of 186897261?
6
What is the ten thousands digit of 889800670?
0
What is the hundreds digit of 345327318?
3
What is the units digit of 440627056?
6
What is the millions digit of 97396603?
7
What is the millions digit of